se -c*n - t = -28, -3*n + 3*t + 0*t + 24 = 0. Calculate the remainder when n is divided by 2.
0
Let w = -12 + 20. Let s(o) = -3*o - 17. Calculate the remainder when s(-12) is divided by w.
3
Let h(c) = 3*c. Suppose 2 = s, 5*v + 0*v - 40 = -5*s. Suppose 0 = -t + a + 4, -v*t - 4*a + 47 = -t. Calculate the remainder when h(4) is divided by t.
5
Suppose 4*p - p = 78. Let v = -102 + 229. What is the remainder when v is divided by p?
23
Let w be (-23)/2 + 27/18. Calculate the remainder when 13 is divided by w/(-2) - 30/10.
1
Let m = 82 - 12. Calculate the remainder when 84 is divided by m.
14
Suppose -4*g + 1799 - 207 = 0. What is the remainder when g is divided by 20?
18
Let t = 191 + -31. Let r = -153 + t. Let d = 33 + -8. What is the remainder when d is divided by r?
4
Let n = -202 - -207. Suppose -1 = r - 4*u - 5, -u = -2*r + 15. Suppose -2*j - 2*j = -r. Calculate the remainder when n is divided by j.
1
Let c = 19 + -17. Suppose -5 = -r - 0*r, c*r = -2*m + 20. What is the remainder when 7 is divided by m?
2
Let p = 51 + -41. Let a(q) = 4*q - 23. What is the remainder when 31 is divided by a(p)?
14
Suppose -4*h = -9*h + 75. Let j(d) = -d**3 + 15*d**2 + d + 14. Let o be j(h). Let x = o - -2. Calculate the remainder when x is divided by 11.
9
Suppose 5*j - 45 = 3*h, 5*j + 2*h = 17 + 53. What is the remainder when 43 is divided by j?
7
Let l(t) = 6*t**3 + t**2 + t - 1. Let j = 42 - 75. Calculate the remainder when j/12*(3 - 7) is divided by l(1).
4
Let a(m) = m**2 + 12*m + 15. Let t(p) be the second derivative of p**5/2 + p**3/6 - 22*p. What is the remainder when t(1) is divided by a(-11)?
3
Let w = 36 + 14. Suppose -2*y - w = -4*n, n - 5*y = 23 - 6. What is the remainder when 34 is divided by n?
10
Suppose 5235 = 12*o - 13341. Suppose 617 - o = -7*u. Calculate the remainder when u is divided by 45.
43
Suppose v - 4*d - 33 = -6, 3*d - 10 = -2*v. Let o(r) = -3*r + 6. Let y be o(4). Let h(u) = u**2 - 2*u - 6. What is the remainder when h(y) is divided by v?
9
Let i(v) = 2*v + 1. Let o be i(7). What is the remainder when (64/(-10))/((-4)/10) is divided by ((-6)/o)/(2/(-30))?
4
Let g be (-1020)/(-27) - (-6)/27*1. Let w = 60 - g. What is the remainder when 87 is divided by w?
21
Suppose -5*y = -2*y - 5*i - 526, 2*i - 356 = -2*y. What is the remainder when y is divided by 30?
27
Suppose -430 = 53*s - 58*s - 3*b, -3*s + 4*b = -287. What is the remainder when 976 is divided by s?
86
Suppose -4*u + 648 = -7*w + 11*w, -15 = -5*u. What is the remainder when w is divided by 41?
36
Suppose 0*m = -4*m - 64. Let q(k) = -k**3 - 17*k**2 - 18*k - 24. Calculate the remainder when q(m) is divided by 5.
3
Suppose -1881 + 556 = -82*b + 1381. Calculate the remainder when 2/4 - (-390)/4 is divided by b.
32
What is the remainder when 961 is divided by (0 - (0 - -2))*(-99)/22?
7
Let l = -288 - -301. What is the remainder when 204 is divided by l?
9
Let q(y) = y**3 - 37*y**2 + 79*y - 105. What is the remainder when q(35) is divided by 55?
45
Suppose 3*l - 4*j - 213 = 0, 60 = 3*l - 2*l - 5*j. Suppose l = 4*y - y. Calculate the remainder when y is divided by 10.
5
Suppose -5*y = -25, -2*v = 5*y - 4*y - 13. Suppose -235 = -v*r - r. Calculate the remainder when r is divided by 25.
22
Suppose v - 3*w = 462, -3*v = -2*v - 2*w - 462. Calculate the remainder when v is divided by 29.
27
Let o be (-1 + (1 - 0))/1. Suppose m = -o*m + 111. Calculate the remainder when m is divided by 28.
27
Let p(w) = -w**3 - 30*w**2 + 43. Suppose 5*a = 4*f + 4, 0 = -3*f - 0*f + 12. What is the remainder when p(-30) is divided by a/6 + 276/18?
11
Suppose h - 5*t - 142 = 0, -4*h + 0*t + 618 = 5*t. Suppose -2*g + 54 = 2*j, 5*j - g = -0*g + 159. Calculate the remainder when h is divided by j.
28
Let w = -486 + 488. What is the remainder when 28 is divided by w?
0
Let z be 4/8 + 31/(-2). Suppose -4*h + 2*r = -44, 0 = h - 8*r + 6*r - 17. What is the remainder when (-6)/z + (-346)/(-10) is divided by h?
8
Suppose 0*o = -5*o + 140. Suppose -3*t + o = -5*j - 7, -5*j + 45 = t. What is the remainder when 59 is divided by t?
19
Let o be (0 + -4)*2/(-4). Let b(y) be the third derivative of y**5/10 - y**4/6 + y**3/3 - 50*y**2. Calculate the remainder when 53 is divided by b(o).
17
Suppose 2*j = -g - 0*j + 7, 5*j = 0. Suppose -239 + 36 = -g*h. What is the remainder when 141 is divided by h?
25
Suppose -3*q - 18 + 30 = 0. Suppose -q*u = -j + 1 + 42, -5 = u. Let v(a) = 2*a**2 - 2*a - 4. Calculate the remainder when j is divided by v(3).
7
Let y(k) = -5*k**2 - 4*k - 9. Let n(b) = -4*b**2 - 4*b - 8. Let q(m) = 6*n(m) - 5*y(m). Let a = -13 + 21. Calculate the remainder when q(-4) is divided by a.
5
Suppose 0 = -13*a + 15*a - 66. Calculate the remainder when 195 is divided by a.
30
Suppose -81 = -145*n + 136*n. Let b = 6 - 3. What is the remainder when n is divided by b?
0
Let l(y) = -y**3 - 6*y**2 - 2*y + 23. Let t(q) = 2*q**2 + 0 + 8*q**2 + 37 - 9*q**2. What is the remainder when t(0) is divided by l(-5)?
5
Calculate the remainder when 197 is divided by (-8 + 11 - -5) + 86.
9
Suppose -3*h + 4*x + 31 = 0, x - 13 = -5*h - 2*x. Suppose -5*f = -4*j + 61, j + f = 6*j - 71. Suppose 2*n + 2 = j. What is the remainder when n is divided by h?
1
Let a = 79 + -25. What is the remainder when 104 is divided by a?
50
Suppose 28 = 11*s - 126. Let h be 1/(0 + 1) - -3. Let k(t) = 2*t**2 + 2*t. Calculate the remainder when k(h) is divided by s.
12
Suppose -3*v - 2*i = 2*i - 9, 5*v - 5*i = -20. Calculate the remainder when 66 is divided by (23/3)/(v/(-3)).
20
Let t be 15/(-6)*16/(-10). Suppose z + 2 = -3*y - y, -t*z + 52 = y. Suppose 0 = j - 2*s - 4, j + 0*s = -3*s + z. What is the remainder when j is divided by 3?
2
Let z(t) = t**3 - 24*t**2 + 47*t + 85. What is the remainder when 463 is divided by z(22)?
10
Calculate the remainder when (336/(-36))/(-14)*(-213)/(-1) is divided by 30.
22
Suppose -5*w = -19*w + 1302. What is the remainder when 3253 is divided by w?
91
Suppose w + 109 = 3*q, -q - 2*w - 142 = -5*q. Let r be (-523)/(-7) - (165/35 + -5). Suppose 0 = -7*t + 23 + r. What is the remainder when q is divided by t?
10
Suppose 708 + 482 = 5*n. Suppose 0 = 2*r + 3*m - 4*m - 75, -60 = -r - 4*m. Calculate the remainder when n is divided by r.
38
Let d(r) = -r**3 + 3*r**2 - r + 5. Let u(j) = -5*j**3 + 11*j**2 - 5*j + 20. Let f(k) = 9*d(k) - 2*u(k). What is the remainder when f(-4) is divided by 10?
7
Let f(j) be the third derivative of -j**5/60 + j**3/3 - 7*j**2. Let v be f(-2). Let c = v - -48. What is the remainder when c is divided by 17?
12
Suppose r - 3*r = 2, -4*l = -3*r - 99. Let i = 26 - -19. Calculate the remainder when i is divided by l.
21
Let k(l) = 36*l - 19. Let w(x) = 24*x - 13. Let h(a) = -5*k(a) + 7*w(a). Suppose 2*r = 7*r - 70. Calculate the remainder when h(-3) is divided by r.
12
Let b(z) = -9*z + 3. What is the remainder when (3 - -1)*(-9 - -24) is divided by b(-2)?
18
Let s be (-93)/(-3) + (-2 - -5). Suppose 5*q - 4*q = s. What is the remainder when 100 is divided by q?
32
Suppose 3*k + 4*k + 7 = 0. What is the remainder when (2/8)/(k/(-116)) is divided by 17?
12
Let o(g) = -g**2 - 7*g + 2. Let a = -4 - 3. Let p be o(a). Suppose -4*c + 183 = -c + 3*d, -d + 127 = p*c. What is the remainder when c is divided by 23?
20
Let j(l) = 3*l**2 - 8*l - 55. What is the remainder when j(-7) is divided by 11?
5
Let j(n) = n**3 - 20*n**2 + 35*n + 18. Let t be j(18). Let g = t + 22. Calculate the remainder when 60 is divided by g.
16
Suppose 0 = -3*h + 2*h + 120. Suppose -42*c = -44*c + h. Calculate the remainder when c is divided by 16.
12
Suppose 683 = 4*c - 2*q + 163, -506 = -4*c - 5*q. Calculate the remainder when c is divided by 33.
30
Suppose -h = 0, -4*h + 115 = -5*w + 205. Calculate the remainder when w is divided by -4 + 11 - -3*1.
8
Let h(f) = 2*f + 14. Let v be h(4). Let x = -13 + 19. What is the remainder when (3/((-9)/v))/((-42)/63) is divided by x?
5
Suppose 150 = -8*r - 7*r. Let h = 13 + 13. Calculate the remainder when (1 - 25)*(8 + r) is divided by h.
22
Let p(y) = y**3 - 2*y**2 - y + 3. Let o be p(-3). Let d = 45 + o. What is the remainder when 58 is divided by d?
4
Let p be 0*(-4)/(-8)*-1. Suppose -4*m + b + 12 = -0*m, m + b - 8 = p. Suppose -m = -2*r + 3*r - 3*f, 4*f = 2*r. Calculate the remainder when 31 is 